ppose 0 = -3*r + 582 + 1251. Suppose -r = -3*g + 4*v, g + v + 88 - 294 = 0. What is the hundreds digit of g?
2
Let g(s) = 31*s**2 + 26*s + 228. What is the units digit of g(-13)?
9
Suppose 2*o + 47296 = 18*o. What is the units digit of o?
6
Suppose 0 = -5*b + 25, -22*b + 17*b = 2*v - 8919. What is the thousands digit of v?
4
Let f(o) = -o - 7. Let k be f(-2). Let a(c) = 18*c + 11. Let v(n) = 53*n + 32. Let b(u) = 17*a(u) - 6*v(u). What is the tens digit of b(k)?
5
Let n(u) = -2*u**2 + 43*u + 3. Let x(p) = -p**2 + 21*p + 2. Let f(i) = -6*n(i) + 13*x(i). What is the units digit of f(12)?
4
Let n = -1258 + 2128. What is the units digit of n?
0
Suppose 3*o - 38 = 13. Suppose 0*g = -12*g + 4*g. Let y = o - g. What is the units digit of y?
7
Suppose 1 = 2*s + 9. What is the units digit of s/6 - 996/(-9)?
0
What is the hundreds digit of (-3 - -4)/(79580/(-13264) + 6)?
3
Suppose -5*f = -4*b - 55, 2*b - 10 = 3*b - 5*f. Let y(d) = d**3 + 16*d**2 + 17*d + 36. What is the units digit of y(b)?
6
What is the units digit of ((-3)/(-3) + 0)*192/4?
8
Suppose -18*q = -21*q + 6. What is the units digit of q?
2
Suppose 16*n - 21586 = -27*n. What is the tens digit of n?
0
Suppose 0 = 5*w - 41 + 61. What is the tens digit of (-56)/w*(-34)/(-4)?
1
Let z = 37 - 1009. Suppose 0 = -16*t + 18*t - 10. What is the units digit of (-2)/t + z/(-30)?
2
Suppose 25*r - 1484 = 21*r. What is the tens digit of r?
7
What is the tens digit of 2 - -1 - 1254/(-12)*4?
2
Suppose 7*z + 40 = 6*z. Let l = 80 + z. What is the units digit of l?
0
Let q = 390 - 45. What is the tens digit of q?
4
Let q(h) = 14*h - 27*h + 8 + h**3 + 10*h**2 + 24*h. What is the units digit of q(-8)?
8
Suppose -172 = -5*u - 5*i + 123, 3*i = -4*u + 233. Let x = u + -6. Let c = 72 - x. What is the units digit of c?
2
Let z = 13 - -56. Suppose -z = -0*n - 3*n. What is the units digit of n?
3
Let z(k) be the first derivative of -k**3/3 - 4*k**2 - 7*k - 4. Let x be z(-5). What is the units digit of (-12)/x + (-17)/(-2)?
7
Suppose -z - 2*r = -5*z - 136, -4*z = 3*r + 136. Let i(w) = -w**3 + 6*w**2 + 9*w - 8. Let h be i(6). Let k = z + h. What is the units digit of k?
2
Suppose 5*i - 20 = 0, w - 5*i - 40 - 23 = 0. What is the tens digit of w?
8
Let q(x) = x**3 - 14*x**2 - 11*x + 20. Let w be 91/6 - (-8)/(-48). What is the tens digit of q(w)?
8
Let d(b) be the third derivative of 4/3*b**3 - 2*b**2 + 0*b + 0 - 1/6*b**4. What is the tens digit of d(-6)?
3
Let x(r) = -r**2 - 10*r - 34. Let i be x(-10). Let w = 7 - i. What is the tens digit of w?
4
Suppose -5*l - 3*k = -4912, -2*l - 3*k = -7*l + 4918. What is the hundreds digit of l?
9
Let l(n) = -n**2 + 5*n + 1. Let y be l(3). Suppose -z + y = -24. What is the units digit of z?
1
Suppose 3*r + 2*x = r + 390, 0 = -3*r - x + 587. What is the hundreds digit of r?
1
Let q(m) = -m**2 - m + 20. Let v be q(0). Let s = -18 + v. Suppose s*a - 3*a = -39. What is the units digit of a?
9
Let n be ((-15)/30)/((-1)/(-56)). Let z = 32 + n. Suppose -4*k + 2*i = -118, -5*k + 0*k = -z*i - 140. What is the tens digit of k?
3
Let x be (4/(-12))/(3/(-99)). Suppose -5*u + 29 = -x. Suppose 4*s = 3*n + 8, -3*s - 4*n + u = 2. What is the units digit of s?
2
Let c(a) be the third derivative of 1/12*a**4 - 1/30*a**5 + a**2 + 0*a - 1/24*a**6 + 0 + 0*a**3. What is the tens digit of c(-2)?
2
Suppose 0 = -2*d + 3*t + 340, 0*d + 2*t + 344 = 2*d. What is the units digit of d?
6
Suppose 3*s = i + 42, 0*i + 70 = 5*s + 2*i. Suppose -5*a + 20 + 86 = 3*d, a - 3*d - s = 0. Suppose a + 0 = 2*h. What is the tens digit of h?
1
Let y = -115 + 363. Suppose -2*m + 5*x = 4*x - 499, -x = m - y. What is the units digit of m?
9
Let r(f) = -3*f + 1. Let w be r(3). Let b be 2 - (-52)/w*-2. Suppose -q = -3*j - b - 26, 3*j = 2*q - 70. What is the tens digit of q?
2
Let r be (-3)/(24/68)*-2. Suppose -14*u - 222 = -r*u. What is the units digit of u?
4
Let m(o) = 12*o. Let t(g) = 42*g. Let r(n) = -18*m(n) + 5*t(n). Let w be r(-3). Suppose w = -5*z + 6*z. What is the tens digit of z?
1
Let h = -12 + 138. What is the hundreds digit of h?
1
Suppose 2*w - 174 = -5*z, -2*w + 129 = -5*z - 5. Suppose 0*q - w = -3*d - 2*q, 2*q - 131 = -5*d. What is the units digit of d?
7
Let p(t) = -t**3 - 4*t**2 + 11*t + 4. Suppose -4*i = -2*d + 2, -5*i - 2 - 32 = 2*d. What is the tens digit of p(d)?
7
Suppose 29*m = 7*m + 111166. What is the tens digit of m?
5
Suppose -t - t = 4*b - 2, -3*t + 4*b = -23. Suppose 2*a + t*a = 168. What is the units digit of a?
4
Let o = 1461 - 830. What is the units digit of o?
1
Suppose 8*l = 3*l + 780. Suppose 5*h - l + 26 = 0. What is the tens digit of 2*h/(-4)*-2?
2
Suppose 0 = -3*s - 5*w + 35, -3*w = -s - 2*s + 3. Suppose s*p + 3 = 18. What is the tens digit of -1 + 26 + -2 + p?
2
Suppose -r - 3717 = -2*f - 32, 5*r = -2*f + 3655. What is the hundreds digit of f?
8
Let u = 284 - 174. What is the units digit of u?
0
Let b(h) = -h**2 - 5*h - 2. Let f be b(-6). Let d(v) = -v**2 - 16*v + 10. What is the units digit of d(f)?
4
Suppose -12*d = -13*d - 20. Let r = d + 60. What is the units digit of r?
0
Let a = 5 - 3. Let s be 0/(-3) - (-4 - a). Suppose s*u = 9*u - 18. What is the units digit of u?
6
Suppose 13*r = 3415 + 589. What is the units digit of r?
8
Suppose 5*p - 2*a - 4345 = 0, -76*a + 3504 = 4*p - 72*a. What is the units digit of p?
1
Let u(n) = -n. Let r be u(-5). Suppose r*w + 0*d = 3*d - 9, w = -2*d + 6. Suppose 2*s - 5*f - 44 = w, 0*f - 71 = -3*s + 5*f. What is the units digit of s?
7
Let a = 17 - 5. Suppose n = -4, -3*n = -5*g + a + 10. Suppose 0 = -g*k - 5*f + 51, 3*f - 6*f = k - 23. What is the units digit of k?
8
Let y = -32 + 28. What is the tens digit of (59/y)/((-6)/24)?
5
Suppose -5*d + 16 = -1894. What is the tens digit of d?
8
Let m(u) = u**3 - 8*u**2 - 25*u - 37. What is the units digit of m(12)?
9
Suppose 4*k = q + 1639, 0 = 3*k - 112*q + 115*q - 1248. What is the units digit of k?
1
Let n(u) = -103*u - 3. What is the hundreds digit of n(-2)?
2
Suppose -2*h - 4*j - 7 + 35 = 0, h - j = -1. Suppose 15 = 7*n - h*n, 5*n - 241 = -y. What is the tens digit of y?
1
Suppose -10 = 5*o - y, o = -2*y + 4*y - 2. What is the units digit of (-6)/4*o + 15/1?
8
Suppose -2*m = 2*j - 92, -5*j - 4*m = -0*m - 233. Let v = j - -20. What is the units digit of 6/8 + v/4?
8
Suppose -20 = -4*q + 24. Let x = 13 - q. Let s(v) = 2*v**3 - 3*v**2 + 4*v - 5. What is the units digit of s(x)?
7
What is the tens digit of 24/(-204) + 30963/51?
0
Suppose -y = 4*a - 6 - 18, -2*a + 4*y = -12. Let j = a - 7. Let z = j - -11. What is the units digit of z?
0
Suppose -g + 16 = 3*g. Suppose -f - 6 = -g*f. Suppose -2*b = f*y - 3*b - 24, -3*b = 6. What is the tens digit of y?
1
Let m(h) = h**3 - 2*h**2. Let y be (-4)/(-4) + (-2)/(-2). Let k be m(y). Let s = 15 + k. What is the tens digit of s?
1
Suppose 0 = 3*k - r - 9 - 338, -2*r - 10 = 0. What is the hundreds digit of k?
1
Let s = 5 + -3. Let x = 117 - 21. Suppose s*z = 6*z - x. What is the tens digit of z?
2
Let r be 4/18 + 714/189. Suppose r*l = -j + 68, -17 = 4*l - 3*j - 85. What is the tens digit of l?
1
Let g(x) = 3*x + 48. Let q(i) = -i**3 + 15*i**2 + 36*i - 18. Let v be q(17). What is the tens digit of g(v)?
9
Let k be (1 - 0)*(-16 - -3). Let g = 32 + k. Let p = g + -17. What is the units digit of p?
2
Let i = -1278 - -3132. What is the thousands digit of i?
1
Suppose -7*p + 2347 = -4*p - 2*a, -4*p + 3*a + 3129 = 0. What is the hundreds digit of p?
7
What is the units digit of ((-16)/10)/((-20)/4350)?
8
Suppose -11*g + 12633 + 5462 = 0. What is the thousands digit of g?
1
Suppose -3*i - 302 - 25 = 0. Let f = -69 - i. What is the tens digit of f?
4
What is the thousands digit of -13*173*((2 - -15) + -19)?
4
Suppose 22*m = 23*m - 1. What is the units digit of ((4 - 1) + -2)*m*211?
1
Let j = 3462 + 1550. What is the units digit of j/38 + (-20)/(-190)?
2
Suppose 3*p = 2*p + r + 4, -r = -2*p + 8. Suppose q - 40 = -5*a, -4*a - p*q - q = -32. Suppose -a*k + 95 = -3*k. What is the tens digit of k?
1
Let w be (1 - (-2 + -4))*(-6)/6. Let g(z) = 2*z**2 + 3*z - 4. What is the tens digit of g(w)?
7
What is the units digit of (-1 - -1552) + (17 - (17 - -1))?
0
Suppose -5*a + 4*g = -532, -2*a + 346 = 5*g + 120. What is the units digit of a?
8
Let w(y) = y**3 + 8*y**2 - 8*y + 9. Let x = -1 + -